{"id":18,"date":"2022-04-12T15:05:48","date_gmt":"2022-04-12T15:05:48","guid":{"rendered":"https:\/\/lesinvijaki.si\/?page_id=18"},"modified":"2024-07-05T07:40:09","modified_gmt":"2024-07-05T07:40:09","slug":"o-nas","status":"publish","type":"page","link":"https:\/\/lesinvijaki.si\/index.php\/o-nas\/","title":{"rendered":"O NAS"},"content":{"rendered":"<!--themify_builder_content-->\n<div id=\"themify_builder_content-18\" data-postid=\"18\" class=\"themify_builder_content themify_builder_content-18 themify_builder tf_clear\">\n    \t<!-- module_row -->\n\t<div  data-lazy=\"1\" class=\"module_row themify_builder_row tb_dj34172 tb_first clearfix\">\n\t    \t\t<div class=\"row_inner col_align_top tf_box tf_w tf_rel\">\n\t\t\t<div  data-lazy=\"1\" class=\"module_column tb-column col4-2 first tb_scdw173 tf_box\">\n\t    \t    \t        <div class=\"tb-column-inner tf_box tf_w\">\n\t\t    <!-- module text -->\n<div  class=\"module module-text tb_s18u713   \" data-lazy=\"1\">\n            <div  class=\"tb_text_wrap\">\n    <p><span style=\"color: #000000;\">Na\u0161e podjetje LINC Europe d.o.o. je bilo ustanovljeno v Sloveniji 15. junija 2017 <a href=\"http:\/\/www.linc-europe.com\">www.linc-europe.com<\/a><\/span><br \/><span style=\"color: #000000;\">Glavna dejavnost podjetja je zastopanje interesov sodelujo\u010dih partnerjev &#8211; proizvajalcev in uvoznikov, zagotavljanje distribucije njihovega blaga.<\/span><\/p>\n<p><span style=\"color: #000000;\">Od leta 2017 je LINC Europe d.o.o. uradni zastopnik indijske dru\u017ebe LINC Pens &amp; Plastic Ltd. v Evropi in dr\u017eavah CIS.<\/span><br \/><span style=\"color: #000000;\">LINC Europe d.o.o. postane v letu 2022 uradni zastopnik naslednjih latvijskih podjetij v Sloveniji:<\/span><\/p>\n<p>CEWOOD Ltd.: <a href=\"http:\/\/www.cewood.com\">www.cewood.com<\/a><br \/>ARBO Windows Ltd.: <a href=\"http:\/\/www.arbowindows.lv\">www.arbowindows.lv<\/a><br \/>Glass &amp; Wood Ltd: <a href=\"http:\/\/www.glass-wood.eu\">www.glass-wood.eu<\/a><br \/>Finestra Solution Ltd.: <a href=\"http:\/\/www.finestrasolution.com\">www.finestrasolution.com<\/a><br \/>DELVE 2 Ltd.: <a href=\"http:\/\/www.delve2.si\">www.delve2.si<\/a><br \/>VISPOOL Ltd.: <a href=\"http:\/\/www.vispool.com\">www.vispool.com<\/a><br \/>Bolder\u0101ja Serviss Ltd.: <a href=\"http:\/\/www.mebeles.lv\">www.mebeles.lv<\/a><\/p>    <\/div>\n<\/div>\n<!-- \/module text -->\t        <\/div>\n\t    \t<\/div>\n\t\t<div  data-lazy=\"1\" class=\"module_column tb-column col4-2 last tb_mqqk677 repeat tf_box\">\n\t    \t    \t        <div class=\"tb-column-inner tf_box tf_w\">\n\t\t    <!-- module image -->\n<div  class=\"module module-image tb_vahd881   image-top tf_mw\" data-lazy=\"1\">\n            <div class=\"image-wrap tf_rel tf_mw\">\n\t\t    <img loading=\"lazy\" decoding=\"async\" src=\"https:\/\/lesinvijaki.si\/wp-content\/uploads\/2022\/04\/Logo_Mockup1-logo-04-1024x683-600x400.jpg\" width=\"600\" height=\"400\" class=\"wp-post-image wp-image-198\" title=\"Logo_Mockup1-logo-04\" alt=\"Logo_Mockup1-logo-04\" srcset=\"https:\/\/lesinvijaki.si\/wp-content\/uploads\/2022\/04\/Logo_Mockup1-logo-04-1024x683-600x400.jpg 600w, https:\/\/lesinvijaki.si\/wp-content\/uploads\/2022\/04\/Logo_Mockup1-logo-04-300x200.jpg 300w, https:\/\/lesinvijaki.si\/wp-content\/uploads\/2022\/04\/Logo_Mockup1-logo-04-1024x683.jpg 1024w, https:\/\/lesinvijaki.si\/wp-content\/uploads\/2022\/04\/Logo_Mockup1-logo-04-768x512.jpg 768w, https:\/\/lesinvijaki.si\/wp-content\/uploads\/2022\/04\/Logo_Mockup1-logo-04-1536x1024.jpg 1536w, https:\/\/lesinvijaki.si\/wp-content\/uploads\/2022\/04\/Logo_Mockup1-logo-04-2048x1366.jpg 2048w, https:\/\/lesinvijaki.si\/wp-content\/uploads\/2022\/04\/Logo_Mockup1-logo-04-1024x683-449x300.jpg 449w\" sizes=\"auto, (max-width: 600px) 100vw, 600px\" \/>\t\n\t\t<\/div>\n\t<!-- \/image-wrap -->\n    \n    \n<\/div>\n<!-- \/module image -->\t        <\/div>\n\t    \t<\/div>\n\t\t    <\/div>\n\t    <!-- \/row_inner -->\n\t<\/div>\n\t<!-- \/module_row -->\n\t\t<!-- module_row -->\n\t<div  data-lazy=\"1\" class=\"module_row themify_builder_row tb_p2u3807 clearfix\">\n\t    \t\t<div class=\"row_inner col_align_top tf_box tf_w tf_rel\">\n\t\t\t<div  data-lazy=\"1\" class=\"module_column tb-column col-full first tb_c64k807 tf_box\">\n\t    \t    \t        <div class=\"tb-column-inner tf_box tf_w\">\n\t\t    \t<div  data-lazy=\"1\" class=\"module_subrow themify_builder_sub_row tb_nag1801 tf_w clearfix\">\n\t    \t\t<div class=\"subrow_inner gutter-narrow col_align_top tf_box tf_w\">\n\t\t\t<div  data-lazy=\"1\" class=\"sub_column module_column tf_box col-full first tb_shfh801\"> \n\t    \t    \t        <div class=\"tb-column-inner tf_box tf_w\">\n\t\t    <!-- module image -->\n<div  class=\"module module-image tb_zslb433   image-top tf_mw\" data-lazy=\"1\">\n            <div class=\"image-wrap tf_rel tf_mw\">\n\t\t    <img loading=\"lazy\" decoding=\"async\" width=\"2354\" height=\"94\" src=\"https:\/\/lesinvijaki.si\/wp-content\/uploads\/2023\/05\/Image-all-logos-2048x94-1.png\" class=\"wp-post-image wp-image-666\" title=\"Image-all-logos-2048x94 (1)\" alt=\"Image-all-logos-2048x94 (1)\" srcset=\"https:\/\/lesinvijaki.si\/wp-content\/uploads\/2023\/05\/Image-all-logos-2048x94-1.png 2354w, https:\/\/lesinvijaki.si\/wp-content\/uploads\/2023\/05\/Image-all-logos-2048x94-1-300x12.png 300w, https:\/\/lesinvijaki.si\/wp-content\/uploads\/2023\/05\/Image-all-logos-2048x94-1-1024x41.png 1024w, https:\/\/lesinvijaki.si\/wp-content\/uploads\/2023\/05\/Image-all-logos-2048x94-1-768x31.png 768w, https:\/\/lesinvijaki.si\/wp-content\/uploads\/2023\/05\/Image-all-logos-2048x94-1-1536x61.png 1536w, https:\/\/lesinvijaki.si\/wp-content\/uploads\/2023\/05\/Image-all-logos-2048x94-1-2048x82.png 2048w\" sizes=\"auto, (max-width: 2354px) 100vw, 2354px\" \/>\t\n\t\t<\/div>\n\t<!-- \/image-wrap -->\n    \n    \n<\/div>\n<!-- \/module image -->\t        <\/div>\n\t    \t<\/div>\n\t\t    <\/div>\n\t<\/div><!-- \/themify_builder_sub_row -->\n\t<!-- module text -->\n<div  class=\"module module-text tb_1ma3493   \" data-lazy=\"1\">\n            <div  class=\"tb_text_wrap\">\n    <p><span style=\"color: #000000;\">Nudimo kakovostno blago iz Latvije, ki ustreza evropskim zahtevam, hitro dostavo pri pa zagotavljamo individualen pristop do vsake stranke.<\/span><br \/><span style=\"color: #000000;\">Svoje storitve nudimo podjetjem v dr\u017eavni lasti, pravnim osebam, samostojnim podjetnikom in fizi\u010dnim osebam.<\/span><\/p>\n<p><span style=\"color: #000000;\"><span style=\"color: #993300;\"><strong>Cilji:<\/strong> <\/span>Ustvariti globalno spletno stran www.lesinvijaki.si, ki bo znana vsem, se odlikovala po vrednotah, ki jih ponuja in se lahko nenehno prilagaja spreminjajo\u010demu se okolju.<\/span><\/p>\n<p><span style=\"color: #000000;\"><span style=\"color: #993300;\"><strong>Vizija:<\/strong> <\/span>Na\u0161im uporabnikom zagotoviti inovativne, uporabni\u0161ko prijazne, bolj kakovostne izdelke po najbolj\u0161iih cenah.<\/span><\/p>    <\/div>\n<\/div>\n<!-- \/module text -->\t        <\/div>\n\t    \t<\/div>\n\t\t    <\/div>\n\t    <!-- \/row_inner -->\n\t<\/div>\n\t<!-- \/module_row -->\n\t\t<!-- module_row -->\n\t<div  data-lazy=\"1\" class=\"module_row themify_builder_row tb_ddux685 clearfix\" >\n\t    \t\t<div class=\"row_inner col_align_top tf_box tf_w tf_rel\">\n\t\t\t<div  data-lazy=\"1\" class=\"module_column tb-column col-full first tb_sk9a685 tf_box\">\n\t    \t    \t        <div class=\"tb-column-inner tf_box tf_w\">\n\t\t    <!-- module text -->\n<div  class=\"module module-text tb_dx4w885   \" data-lazy=\"1\">\n            <div  class=\"tb_text_wrap\">\n    <h3 style=\"text-align: center;\"><span style=\"color: #993300;\">Temeljne vrednote<\/span><\/h3>    <\/div>\n<\/div>\n<!-- \/module text -->\t<div  data-lazy=\"1\" class=\"module_subrow themify_builder_sub_row tb_wbjy398 tf_w clearfix\">\n\t    \t\t<div class=\"subrow_inner col_align_top tf_box tf_w\">\n\t\t\t<div  data-lazy=\"1\" class=\"sub_column module_column tf_box col4-1 first tb_g753399\"> \n\t    \t    \t        <div class=\"tb-column-inner tf_box tf_w\">\n\t\t    <!-- module icon -->\n<div  class=\"module module-icon tb_dno8268  xlarge rounded icon_horizontal tf_textc\" data-lazy=\"1\">\n            <div class=\"module-icon\">\n\t\t    <div class=\"module-icon-item tf_inline_b\">\n\t\t                \t\t    \t\t\t    <i class=\"ui tf_vmiddle tf_textc tf_box brown\"><svg  aria-hidden=\"true\" class=\"tf_fa tf-fas-business-time\"><use href=\"#tf-fas-business-time\"><\/use><\/svg><\/i>\n\t\t                \t\t    \t\t\t<span class=\"tf_vmiddle\">Eti\u010dne poslovne prakse<\/span>\n\t\t    \t\t    \t    <\/div>\n\t    <\/div>\n<\/div>\n<!-- \/module icon -->\n\t        <\/div>\n\t    \t<\/div>\n\t\t<div  data-lazy=\"1\" class=\"sub_column module_column tf_box col4-1 second tb_djqr399\"> \n\t    \t    \t        <div class=\"tb-column-inner tf_box tf_w\">\n\t\t    <!-- module icon -->\n<div  class=\"module module-icon tb_k5bk609  xlarge rounded icon_horizontal tf_textc\" data-lazy=\"1\">\n            <div class=\"module-icon\">\n\t\t    <div class=\"module-icon-item tf_inline_b\">\n\t\t                \t\t    \t\t\t    <i class=\"ui tf_vmiddle tf_textc tf_box brown\"><svg  aria-hidden=\"true\" class=\"tf_fa tf-fas-users\"><use href=\"#tf-fas-users\"><\/use><\/svg><\/i>\n\t\t                \t\t    \t\t\t<span class=\"tf_vmiddle\">Zadovoljna stranka<\/span>\n\t\t    \t\t    \t    <\/div>\n\t    <\/div>\n<\/div>\n<!-- \/module icon -->\n\t        <\/div>\n\t    \t<\/div>\n\t\t<div  data-lazy=\"1\" class=\"sub_column module_column tf_box col4-1 third tb_xlyt399\"> \n\t    \t    \t        <div class=\"tb-column-inner tf_box tf_w\">\n\t\t    <!-- module icon -->\n<div  class=\"module module-icon tb_td9x191  xlarge rounded icon_horizontal tf_textc\" data-lazy=\"1\">\n            <div class=\"module-icon\">\n\t\t    <div class=\"module-icon-item tf_inline_b\">\n\t\t                \t\t    \t\t\t    <i class=\"ui tf_vmiddle tf_textc tf_box brown\"><svg  aria-hidden=\"true\" class=\"tf_fa tf-fas-hands-helping\"><use href=\"#tf-fas-hands-helping\"><\/use><\/svg><\/i>\n\t\t                \t\t    \t\t\t<span class=\"tf_vmiddle\">Gradnja odnosov<\/span>\n\t\t    \t\t    \t    <\/div>\n\t    <\/div>\n<\/div>\n<!-- \/module icon -->\n\t        <\/div>\n\t    \t<\/div>\n\t\t<div  data-lazy=\"1\" class=\"sub_column module_column tf_box col4-1 last tb_kwwo400\"> \n\t    \t    \t        <div class=\"tb-column-inner tf_box tf_w\">\n\t\t    <!-- module icon -->\n<div  class=\"module module-icon tb_z96a443  xlarge rounded icon_horizontal tf_textc\" data-lazy=\"1\">\n            <div class=\"module-icon\">\n\t\t    <div class=\"module-icon-item tf_inline_b\">\n\t\t                \t\t    \t\t\t    <i class=\"ui tf_vmiddle tf_textc tf_box brown\"><svg  aria-hidden=\"true\" class=\"tf_fa tf-fas-lightbulb\"><use href=\"#tf-fas-lightbulb\"><\/use><\/svg><\/i>\n\t\t                \t\t    \t\t\t<span class=\"tf_vmiddle\">Inovativnost <\/span>\n\t\t    \t\t    \t    <\/div>\n\t    <\/div>\n<\/div>\n<!-- \/module icon -->\n\t        <\/div>\n\t    \t<\/div>\n\t\t    <\/div>\n\t<\/div><!-- \/themify_builder_sub_row -->\n\t\t        <\/div>\n\t    \t<\/div>\n\t\t    <\/div>\n\t    <!-- \/row_inner -->\n\t<\/div>\n\t<!-- \/module_row -->\n\t\t<!-- module_row -->\n\t<div  data-css_id=\"s3yx839\" data-lazy=\"1\" class=\"module_row themify_builder_row fullwidth_row_container tb_s3yx839 clearfix\" >\n\t    \t\t<div class=\"row_inner col_align_top gutter-none tf_box tf_w tf_rel\">\n\t\t\t<div  data-lazy=\"1\" class=\"module_column tb-column col3-1 first tb_ata7839 tf_box\">\n\t    \t    \t        <div class=\"tb-column-inner tf_box tf_w\">\n\t\t    <!-- module menu -->\n<div  class=\"module module-menu tb_dm4b839  mobile-menu-slide\" data-menu-style=\"mobile-menu-slide\" data-menu-breakpoint=\"0\" data-element-id=\"tb_dm4b839\" data-lazy=\"1\">\n            \n    \t\t\t\n\t\t\t<div class=\"module-menu-container \"><ul id=\"menu-footer-1\" class=\"ui clearfix nav tf_rel vertical transparent \"><li id=\"menu-item-309\" class=\"menu-item-page-5 menu-item menu-item-type-post_type menu-item-object-page menu-item-home menu-item-309\"><a href=\"https:\/\/lesinvijaki.si\/\">DOMOV<\/a><\/li>\n<li id=\"menu-item-310\" class=\"menu-item-page-18 menu-item menu-item-type-post_type menu-item-object-page menu-item-310\"><a href=\"https:\/\/lesinvijaki.si\/index.php\/o-nas\/\">O NAS<\/a><\/li>\n<li id=\"menu-item-573\" class=\"menu-item-page-529 menu-item menu-item-type-post_type menu-item-object-page menu-item-573\"><a href=\"https:\/\/lesinvijaki.si\/index.php\/fibrolitne-plosce\/\">PLO\u0160\u010cE IZ LESENE VOLNE<\/a><\/li>\n<li id=\"menu-item-313\" class=\"menu-item-page-24 menu-item menu-item-type-post_type menu-item-object-page menu-item-313\"><a href=\"https:\/\/lesinvijaki.si\/index.php\/lesena-okna-vrata-in-sistemi\/\">LESENA OKNA IN VRATA<\/a><\/li>\n<li id=\"menu-item-664\" class=\"menu-item-page-654 menu-item menu-item-type-post_type menu-item-object-page menu-item-664\"><a href=\"https:\/\/lesinvijaki.si\/index.php\/strukturna-zasteklitev\/\">STRUKTURNA ZASTEKLITEV<\/a><\/li>\n<li id=\"menu-item-314\" class=\"menu-item-page-26 menu-item menu-item-type-post_type menu-item-object-page menu-item-314\"><a href=\"https:\/\/lesinvijaki.si\/index.php\/pvc-okna-aluminijasta-okna-vrata-in-sistemi\/\">ALU, PVC OKNA IN VRATA<\/a><\/li>\n<li id=\"menu-item-312\" class=\"menu-item-page-22 menu-item menu-item-type-post_type menu-item-object-page menu-item-312\"><a href=\"https:\/\/lesinvijaki.si\/index.php\/pritrdilni-elementi\/\">PRITRDILNI ELEMENTI<\/a><\/li>\n<li id=\"menu-item-598\" class=\"menu-item-page-28 menu-item menu-item-type-post_type menu-item-object-page menu-item-598\"><a href=\"https:\/\/lesinvijaki.si\/index.php\/kopalne-kadi\/\">KOPALNE KADI<\/a><\/li>\n<\/ul><\/div><\/div>\n<!-- \/module menu -->\n\t        <\/div>\n\t    \t<\/div>\n\t\t<div  data-lazy=\"1\" style=\"width: 30.98%\" class=\"module_column tb-column col3-1 middle tb_p1ip839 tf_box\">\n\t    \t    \t        <div class=\"tb-column-inner tf_box tf_w\">\n\t\t    <!-- module menu -->\n<div  class=\"module module-menu tb_8v8t840  mobile-menu-slide tf_textl\" data-menu-style=\"mobile-menu-slide\" data-menu-breakpoint=\"0\" data-element-id=\"tb_8v8t840\" data-lazy=\"1\">\n            \n    \t\t\t\n\t\t\t<div class=\"module-menu-container tf_textl\"><ul id=\"menu-footer-2\" class=\"ui clearfix nav tf_rel vertical transparent \"><li id=\"menu-item-599\" class=\"menu-item-page-20 menu-item menu-item-type-post_type menu-item-object-page menu-item-599\"><a href=\"https:\/\/lesinvijaki.si\/index.php\/pohistvo\/\">POHI\u0160TVO<\/a><\/li>\n<li id=\"menu-item-318\" class=\"menu-item-page-140 menu-item menu-item-type-post_type menu-item-object-page menu-item-318\"><a href=\"https:\/\/lesinvijaki.si\/index.php\/logistika\/\">LOGISTIKA<\/a><\/li>\n<li id=\"menu-item-317\" class=\"menu-item-page-145 menu-item menu-item-type-post_type menu-item-object-page menu-item-317\"><a href=\"https:\/\/lesinvijaki.si\/index.php\/pogoji-poslovanja\/\">POGOJI POSLOVANJA<\/a><\/li>\n<li id=\"menu-item-316\" class=\"menu-item-page-154 menu-item menu-item-type-post_type menu-item-object-page menu-item-316\"><a href=\"https:\/\/lesinvijaki.si\/index.php\/pravica-do-odstopa\/\">PRAVICA DO ODSTOPA<\/a><\/li>\n<li id=\"menu-item-315\" class=\"menu-item-page-178 menu-item menu-item-type-post_type menu-item-object-page menu-item-315\"><a href=\"https:\/\/lesinvijaki.si\/index.php\/politika-zasebnosti\/\">POLITIKA ZASEBNOSTI<\/a><\/li>\n<li id=\"menu-item-319\" class=\"menu-item-page-32 menu-item menu-item-type-post_type menu-item-object-page menu-item-319\"><a href=\"https:\/\/lesinvijaki.si\/index.php\/kontakt\/\">KONTAKT<\/a><\/li>\n<\/ul><\/div><\/div>\n<!-- \/module menu -->\n\t        <\/div>\n\t    \t<\/div>\n\t\t<div  data-lazy=\"1\" style=\"width: 35.687%\" class=\"module_column tb-column col3-1 last tb_tnkl840 tf_box\">\n\t    \t    \t        <div class=\"tb-column-inner tf_box tf_w\">\n\t\t    <!-- module icon -->\n<div  class=\"module module-icon tb_ju7g840  normal none icon_vertical \" data-lazy=\"1\">\n            <div class=\"module-icon\">\n\t\t    <div class=\"module-icon-item\">\n\t\t                \t\t    \t\t\t    <i class=\"ui tf_vmiddle tf_textc tf_box brown\"><svg  aria-hidden=\"true\" class=\"tf_fa tf-fas-home\"><use href=\"#tf-fas-home\"><\/use><\/svg><\/i>\n\t\t                \t\t    \t\t\t<span class=\"tf_vmiddle\">LINC Europe d.o.o.<\/span>\n\t\t    \t\t    \t    <\/div>\n\t\t    <div class=\"module-icon-item\">\n\t\t                \t\t    \t\t\t    <i class=\"ui tf_vmiddle tf_textc tf_box brown\"><svg  aria-hidden=\"true\" class=\"tf_fa tf-far-map\"><use href=\"#tf-far-map\"><\/use><\/svg><\/i>\n\t\t                \t\t    \t\t\t<span class=\"tf_vmiddle\">Naslov: Dre\u0161inja Vas 12, 3301 Petrov\u010de, Slovenia<\/span>\n\t\t    \t\t    \t    <\/div>\n\t\t    <div class=\"module-icon-item\">\n\t\t                \t\t    \t\t\t    <i class=\"ui tf_vmiddle tf_textc tf_box brown\"><svg  aria-hidden=\"true\" class=\"tf_fa tf-fas-phone\"><use href=\"#tf-fas-phone\"><\/use><\/svg><\/i>\n\t\t                \t\t    \t\t\t<span class=\"tf_vmiddle\">Tel. \u0161tev.: +386 51214040<\/span>\n\t\t    \t\t    \t    <\/div>\n\t\t    <div class=\"module-icon-item\">\n\t\t                \t\t    \t\t\t    <i class=\"ui tf_vmiddle tf_textc tf_box brown\"><svg  aria-hidden=\"true\" class=\"tf_fa tf-ti-email\"><use href=\"#tf-ti-email\"><\/use><\/svg><\/i>\n\t\t                \t\t    \t\t\t<span class=\"tf_vmiddle\">E-naslov: info@linc-europe.com<\/span>\n\t\t    \t\t    \t    <\/div>\n\t\t    <div class=\"module-icon-item\">\n\t\t                \t\t    \t\t\t    <i class=\"ui tf_vmiddle tf_textc tf_box brown\"><svg  aria-hidden=\"true\" class=\"tf_fa tf-far-copyright\"><use href=\"#tf-far-copyright\"><\/use><\/svg><\/i>\n\t\t                \t\t    \t\t\t<span class=\"tf_vmiddle\">2022. lesinvijaki.si<\/span>\n\t\t    \t\t    \t    <\/div>\n\t    <\/div>\n<\/div>\n<!-- \/module icon -->\n\t        <\/div>\n\t    \t<\/div>\n\t\t    <\/div>\n\t    <!-- \/row_inner -->\n\t<\/div>\n\t<!-- \/module_row -->\n\t<\/div>\n<!--\/themify_builder_content-->","protected":false},"excerpt":{"rendered":"<p>Na\u0161e podjetje LINC Europe d.o.o. je bilo ustanovljeno v Sloveniji 15. junija 2017 www.linc-europe.comGlavna dejavnost podjetja je zastopanje interesov sodelujo\u010dih partnerjev &#8211; proizvajalcev in uvoznikov, zagotavljanje distribucije njihovega blaga. Od leta 2017 je LINC Europe d.o.o. uradni zastopnik indijske dru\u017ebe LINC Pens &amp; Plastic Ltd. v Evropi in dr\u017eavah CIS.LINC Europe d.o.o. postane v letu [&hellip;]<\/p>\n","protected":false},"author":1,"featured_media":0,"parent":0,"menu_order":0,"comment_status":"closed","ping_status":"closed","template":"","meta":{"footnotes":""},"class_list":["post-18","page","type-page","status-publish","hentry","has-post-title","has-post-date","has-post-category","has-post-tag","has-post-comment","has-post-author",""],"aioseo_notices":[],"builder_content":"<p>Na\u0161e podjetje LINC Europe d.o.o. je bilo ustanovljeno v Sloveniji 15. junija 2017 <a href=\"http:\/\/www.linc-europe.com\">www.linc-europe.com<\/a><br \/>Glavna dejavnost podjetja je zastopanje interesov sodelujo\u010dih partnerjev - proizvajalcev in uvoznikov, zagotavljanje distribucije njihovega blaga.<\/p> <p>Od leta 2017 je LINC Europe d.o.o. uradni zastopnik indijske dru\u017ebe LINC Pens &amp; Plastic Ltd. v Evropi in dr\u017eavah CIS.<br \/>LINC Europe d.o.o. postane v letu 2022 uradni zastopnik naslednjih latvijskih podjetij v Sloveniji:<\/p> <p>CEWOOD Ltd.: <a href=\"http:\/\/www.cewood.com\">www.cewood.com<\/a><br \/>ARBO Windows Ltd.: <a href=\"http:\/\/www.arbowindows.lv\">www.arbowindows.lv<\/a><br \/>Glass &amp; Wood Ltd: <a href=\"http:\/\/www.glass-wood.eu\">www.glass-wood.eu<\/a><br \/>Finestra Solution Ltd.: <a href=\"http:\/\/www.finestrasolution.com\">www.finestrasolution.com<\/a><br \/>DELVE 2 Ltd.: <a href=\"http:\/\/www.delve2.si\">www.delve2.si<\/a><br \/>VISPOOL Ltd.: <a href=\"http:\/\/www.vispool.com\">www.vispool.com<\/a><br \/>Bolder\u0101ja Serviss Ltd.: <a href=\"http:\/\/www.mebeles.lv\">www.mebeles.lv<\/a><\/p>\n<img loading=\"lazy\" decoding=\"async\" src=\"https:\/\/lesinvijaki.si\/wp-content\/uploads\/2022\/04\/Logo_Mockup1-logo-04-1024x683-600x400.jpg\" width=\"600\" height=\"400\" title=\"Logo_Mockup1-logo-04\" alt=\"Logo_Mockup1-logo-04\" srcset=\"https:\/\/lesinvijaki.si\/wp-content\/uploads\/2022\/04\/Logo_Mockup1-logo-04-1024x683-600x400.jpg 600w, https:\/\/lesinvijaki.si\/wp-content\/uploads\/2022\/04\/Logo_Mockup1-logo-04-300x200.jpg 300w, https:\/\/lesinvijaki.si\/wp-content\/uploads\/2022\/04\/Logo_Mockup1-logo-04-1024x683.jpg 1024w, https:\/\/lesinvijaki.si\/wp-content\/uploads\/2022\/04\/Logo_Mockup1-logo-04-768x512.jpg 768w, https:\/\/lesinvijaki.si\/wp-content\/uploads\/2022\/04\/Logo_Mockup1-logo-04-1536x1024.jpg 1536w, https:\/\/lesinvijaki.si\/wp-content\/uploads\/2022\/04\/Logo_Mockup1-logo-04-2048x1366.jpg 2048w, https:\/\/lesinvijaki.si\/wp-content\/uploads\/2022\/04\/Logo_Mockup1-logo-04-1024x683-449x300.jpg 449w\" sizes=\"auto, (max-width: 600px) 100vw, 600px\" \/>\n<img loading=\"lazy\" decoding=\"async\" width=\"2354\" height=\"94\" src=\"https:\/\/lesinvijaki.si\/wp-content\/uploads\/2023\/05\/Image-all-logos-2048x94-1.png\" title=\"Image-all-logos-2048x94 (1)\" alt=\"Image-all-logos-2048x94 (1)\" srcset=\"https:\/\/lesinvijaki.si\/wp-content\/uploads\/2023\/05\/Image-all-logos-2048x94-1.png 2354w, https:\/\/lesinvijaki.si\/wp-content\/uploads\/2023\/05\/Image-all-logos-2048x94-1-300x12.png 300w, https:\/\/lesinvijaki.si\/wp-content\/uploads\/2023\/05\/Image-all-logos-2048x94-1-1024x41.png 1024w, https:\/\/lesinvijaki.si\/wp-content\/uploads\/2023\/05\/Image-all-logos-2048x94-1-768x31.png 768w, https:\/\/lesinvijaki.si\/wp-content\/uploads\/2023\/05\/Image-all-logos-2048x94-1-1536x61.png 1536w, https:\/\/lesinvijaki.si\/wp-content\/uploads\/2023\/05\/Image-all-logos-2048x94-1-2048x82.png 2048w\" sizes=\"auto, (max-width: 2354px) 100vw, 2354px\" \/>\n<p>Nudimo kakovostno blago iz Latvije, ki ustreza evropskim zahtevam, hitro dostavo pri pa zagotavljamo individualen pristop do vsake stranke.<br \/>Svoje storitve nudimo podjetjem v dr\u017eavni lasti, pravnim osebam, samostojnim podjetnikom in fizi\u010dnim osebam.<\/p> <p><strong>Cilji:<\/strong> Ustvariti globalno spletno stran www.lesinvijaki.si, ki bo znana vsem, se odlikovala po vrednotah, ki jih ponuja in se lahko nenehno prilagaja spreminjajo\u010demu se okolju.<\/p> <p><strong>Vizija:<\/strong> Na\u0161im uporabnikom zagotoviti inovativne, uporabni\u0161ko prijazne, bolj kakovostne izdelke po najbolj\u0161iih cenah.<\/p>\n<h3 style=\"text-align: center;\">Temeljne vrednote<\/h3>\n<i><svg aria-hidden=\"true\"><use href=\"#tf-fas-business-time\"><\/use><\/svg><\/i> Eti\u010dne poslovne prakse\n<i><svg aria-hidden=\"true\"><use href=\"#tf-fas-users\"><\/use><\/svg><\/i> Zadovoljna stranka\n<i><svg aria-hidden=\"true\"><use href=\"#tf-fas-hands-helping\"><\/use><\/svg><\/i> Gradnja odnosov\n<i><svg aria-hidden=\"true\"><use href=\"#tf-fas-lightbulb\"><\/use><\/svg><\/i> Inovativnost\n<ul id=\"menu-footer-3\"><li><a href=\"https:\/\/lesinvijaki.si\/\">DOMOV<\/a><\/li> <li><a href=\"https:\/\/lesinvijaki.si\/index.php\/o-nas\/\">O NAS<\/a><\/li> <li><a href=\"https:\/\/lesinvijaki.si\/index.php\/fibrolitne-plosce\/\">PLO\u0160\u010cE IZ LESENE VOLNE<\/a><\/li> <li><a href=\"https:\/\/lesinvijaki.si\/index.php\/lesena-okna-vrata-in-sistemi\/\">LESENA OKNA IN VRATA<\/a><\/li> <li><a href=\"https:\/\/lesinvijaki.si\/index.php\/strukturna-zasteklitev\/\">STRUKTURNA ZASTEKLITEV<\/a><\/li> <li><a href=\"https:\/\/lesinvijaki.si\/index.php\/pvc-okna-aluminijasta-okna-vrata-in-sistemi\/\">ALU, PVC OKNA IN VRATA<\/a><\/li> <li><a href=\"https:\/\/lesinvijaki.si\/index.php\/pritrdilni-elementi\/\">PRITRDILNI ELEMENTI<\/a><\/li> <li><a href=\"https:\/\/lesinvijaki.si\/index.php\/kopalne-kadi\/\">KOPALNE KADI<\/a><\/li> <\/ul>\n<ul id=\"menu-footer-4\"><li><a href=\"https:\/\/lesinvijaki.si\/index.php\/pohistvo\/\">POHI\u0160TVO<\/a><\/li> <li><a href=\"https:\/\/lesinvijaki.si\/index.php\/logistika\/\">LOGISTIKA<\/a><\/li> <li><a href=\"https:\/\/lesinvijaki.si\/index.php\/pogoji-poslovanja\/\">POGOJI POSLOVANJA<\/a><\/li> <li><a href=\"https:\/\/lesinvijaki.si\/index.php\/pravica-do-odstopa\/\">PRAVICA DO ODSTOPA<\/a><\/li> <li><a href=\"https:\/\/lesinvijaki.si\/index.php\/politika-zasebnosti\/\">POLITIKA ZASEBNOSTI<\/a><\/li> <li><a href=\"https:\/\/lesinvijaki.si\/index.php\/kontakt\/\">KONTAKT<\/a><\/li> <\/ul>\n<i><svg aria-hidden=\"true\"><use href=\"#tf-fas-home\"><\/use><\/svg><\/i> LINC Europe d.o.o. <i><svg aria-hidden=\"true\"><use href=\"#tf-far-map\"><\/use><\/svg><\/i> Naslov: Dre\u0161inja Vas 12, 3301 Petrov\u010de, Slovenia <i><svg aria-hidden=\"true\"><use href=\"#tf-fas-phone\"><\/use><\/svg><\/i> Tel. \u0161tev.: +386 51214040 <i><svg aria-hidden=\"true\"><use href=\"#tf-ti-email\"><\/use><\/svg><\/i> E-naslov: info@linc-europe.com <i><svg aria-hidden=\"true\"><use href=\"#tf-far-copyright\"><\/use><\/svg><\/i> 2022. lesinvijaki.si","_links":{"self":[{"href":"https:\/\/lesinvijaki.si\/index.php\/wp-json\/wp\/v2\/pages\/18","targetHints":{"allow":["GET"]}}],"collection":[{"href":"https:\/\/lesinvijaki.si\/index.php\/wp-json\/wp\/v2\/pages"}],"about":[{"href":"https:\/\/lesinvijaki.si\/index.php\/wp-json\/wp\/v2\/types\/page"}],"author":[{"embeddable":true,"href":"https:\/\/lesinvijaki.si\/index.php\/wp-json\/wp\/v2\/users\/1"}],"replies":[{"embeddable":true,"href":"https:\/\/lesinvijaki.si\/index.php\/wp-json\/wp\/v2\/comments?post=18"}],"version-history":[{"count":37,"href":"https:\/\/lesinvijaki.si\/index.php\/wp-json\/wp\/v2\/pages\/18\/revisions"}],"predecessor-version":[{"id":671,"href":"https:\/\/lesinvijaki.si\/index.php\/wp-json\/wp\/v2\/pages\/18\/revisions\/671"}],"wp:attachment":[{"href":"https:\/\/lesinvijaki.si\/index.php\/wp-json\/wp\/v2\/media?parent=18"}],"curies":[{"name":"wp","href":"https:\/\/api.w.org\/{rel}","templated":true}]}}