{"id":178,"date":"2022-04-20T11:54:54","date_gmt":"2022-04-20T11:54:54","guid":{"rendered":"https:\/\/lesinvijaki.si\/?page_id=178"},"modified":"2024-07-05T07:43:05","modified_gmt":"2024-07-05T07:43:05","slug":"politika-zasebnosti","status":"publish","type":"page","link":"https:\/\/lesinvijaki.si\/index.php\/politika-zasebnosti\/","title":{"rendered":"POLITIKA ZASEBNOSTI"},"content":{"rendered":"<!--themify_builder_content-->\n<div id=\"themify_builder_content-178\" data-postid=\"178\" class=\"themify_builder_content themify_builder_content-178 themify_builder tf_clear\">\n    \t<!-- module_row -->\n\t<div  data-lazy=\"1\" class=\"module_row themify_builder_row tb_eztr37 tb_first clearfix\" >\n\t    \t\t<div class=\"row_inner col_align_top tf_box tf_w tf_rel\">\n\t\t\t<div  data-lazy=\"1\" class=\"module_column tb-column col-full first tb_1l2037 tf_box\">\n\t    \t    \t        <div class=\"tb-column-inner tf_box tf_w\">\n\t\t    <!-- module text -->\n<div  class=\"module module-text tb_tljx845   \" data-lazy=\"1\">\n            <div  class=\"tb_text_wrap\">\n    <h3><span style=\"color: #993300;\">Cilj politike zasebnosti<\/span><\/h3>\n<p><span style=\"font-weight: 400; color: #000000;\">Cilj te politike je zagotoviti informacije posameznikom, na katere se nana\u0161ajo osebni podatki \u2013 fizi\u010dnim osebam \u2013 o namenu obdelave osebnih podatkov, pravni podlagi, kategorijah prejemnikov osebnih podatkov, hrambi in varstvu podatkov ter pravicah posameznika, na katerega se nana\u0161ajo osebni podatki.<\/span><\/p>\n<h3><span style=\"color: #993300;\">Upravljavec podatkov<\/span><\/h3>\n<p><span style=\"font-weight: 400; color: #000000;\">LINC Europe d.o.o., enotna registrska \u0161tevilka 8000093000, pravni naslov: Spodnji Hoti\u010d 11A, 1270 Litija, Slovenija, v nadaljevanju \u2013 \u201cLINC Europe\u201d.<\/span><\/p>\n<h3><span style=\"color: #993300;\">Uporaba politike zasebnosti<\/span><\/h3>\n<p><span style=\"color: #000000;\"><span style=\"font-weight: 400;\">\u201cLINC Europe\u201d uporablja to politiko zasebnosti pri obdelavi osebnih podatkov, tudi ko stopite v stik z nami ali komunicirate z nami na na\u0161i spletni strani <\/span><a style=\"color: #000000;\" href=\"about:blank\"><span style=\"font-weight: 400;\">www.lesinvijaki.si<\/span><\/a><span style=\"font-weight: 400;\"> \u201cLINC Europe\u201d zagotavlja, da so va\u0161i osebni podatki za\u0161\u010diteni na pravni podlagi, opredeljeni v tej politiki in Splo\u0161ni uredbi EU o varstvu podatkov 2016\/679 z dne 27.\u00a0aprila 2016. \u201cLINC Europe\u201d se zavezuje, da bo zagotovil, da so va\u0161i osebni podatki za\u0161\u010diteni in nikoli zlorabljeni.<\/span><\/span><\/p>\n<h3><span style=\"color: #993300;\">Namen obdelave in pravna podlaga<\/span><\/h3>\n<p><span style=\"font-weight: 400; color: #000000;\">\u201cLINC Europe\u201d lahko va\u0161e osebne podatke uporablja za:<\/span><\/p>\n<ul>\n<li style=\"font-weight: 400;\" aria-level=\"1\"><span style=\"font-weight: 400; color: #000000;\">Morebitno zaposlovanje osebja ob prejemu va\u0161ega \u017eivljenjepisa in prijavnega pisma (legitimni poslovni interesi, privolitev posameznika, na katerega se nana\u0161ajo osebni podatki);\u00a0<\/span><\/li>\n<li style=\"font-weight: 400;\" aria-level=\"1\"><span style=\"font-weight: 400; color: #000000;\">priro\u010dno rezervacijo blaga in storitev, dogovor o sodelovanju, izbolj\u0161anje storitve (legitimni poslovni interesi, privolitev posameznika, na katerega se nana\u0161ajo osebni podatki);<\/span><\/li>\n<li style=\"font-weight: 400;\" aria-level=\"1\"><span style=\"font-weight: 400; color: #000000;\">prodajne pogodbe in opravljanje storitev (vzpostavljanje pogodbenih razmerij in izpolnjevanje pogodbenih obveznosti);<\/span><\/li>\n<li style=\"font-weight: 400;\" aria-level=\"1\"><span style=\"font-weight: 400; color: #000000;\">pogodbe o nabavi blaga in storitev ter ureditev drugega sodelovanja (vzpostavljanje pogodbenih razmerij in izpolnjevanje pogodbenih obveznosti);<\/span><\/li>\n<li style=\"font-weight: 400;\" aria-level=\"1\"><span style=\"font-weight: 400; color: #000000;\">zagotavljanje hitre in kakovostne komunikacije z odgovarjanjem na prejeta vpra\u0161anja ali komentarje (legitimni poslovni interesi, privolitev posameznika, na katerega se nana\u0161ajo osebni podatki);<\/span><\/li>\n<li style=\"font-weight: 400;\" aria-level=\"1\"><span style=\"font-weight: 400; color: #000000;\">analiti\u010dne in tr\u017ene raziskave o uporabi na\u0161ega spletnega mesta, izdelkov in storitev (legitimni poslovni interesi, privolitev posameznika, na katerega se nana\u0161ajo osebni podatki);<\/span><\/li>\n<li style=\"font-weight: 400;\" aria-level=\"1\"><span style=\"font-weight: 400; color: #000000;\">zagotavljanje zdravja in varnosti v prostorih in na obmo\u010dju podjetja z uporabo spletnih kamer (legitimni poslovni interesi).<\/span><\/li>\n<\/ul>\n<h3><span style=\"color: #993300;\">Kategorije prejemnikov osebnih podatkov<\/span><\/h3>\n<p><span style=\"font-weight: 400; color: #000000;\">Upravljavec podatkov lahko osebne podatke razkrije tretjim osebam, vendar le v obsegu, ki je potreben za doseganje ciljev te politike in kadar je to potrebno za izpolnjevanje zakonskih ali pogodbenih obveznosti:<\/span><\/p>\n<ul>\n<li style=\"font-weight: 400;\" aria-level=\"1\"><span style=\"font-weight: 400; color: #000000;\">dr\u017eavnim institucijam, da izpolnijo obveznosti iz zakonskih ali normativnih aktov;<\/span><\/li>\n<li style=\"font-weight: 400;\" aria-level=\"1\"><span style=\"font-weight: 400; color: #000000;\">organizacijam in institucijam za izpolnitev pogodbenih obveznosti;<\/span><\/li>\n<li style=\"font-weight: 400;\" aria-level=\"1\"><span style=\"font-weight: 400; color: #000000;\">v nekaterih primerih se lahko oddajo podjetjem za obdelavo podatkov, vendar le tistim, ki zagotavljajo varstvo pravic, na katere se nana\u0161ajo osebni podatki, v skladu z zahtevami normativnih aktov.<\/span><\/li>\n<li style=\"font-weight: 400;\" aria-level=\"1\"><span style=\"font-weight: 400; color: #000000;\">Va\u0161i osebni podatki ne bodo poslani tretjim dr\u017eavam ali mednarodnim organizacijam.<\/span><\/li>\n<\/ul>\n<h3><span style=\"color: #993300;\">Hranjenje osebnih podatkov<\/span><\/h3>\n<p><span style=\"font-weight: 400; color: #000000;\">Osebni podatki se zbirajo in obdelujejo samo za zgoraj navedene namene in dokler ti nameni niso dose\u017eeni, so interesi \u201cLINC Europe\u201d za\u0161\u010diteni ali do konca obdobij hrambe in odgovornosti na podlagi veljavne zakonodaje. Po tem se podatki izbri\u0161ejo ali arhivirajo. Dostop do osebnih podatkov je dovoljen le osebam, ki morajo podatke obdelovati v okviru svojega delovnega razmerja ali dol\u017enosti. Vse te osebe so usposobljene za za\u0161\u010dito pravic, na katere se nana\u0161ajo osebni podatki.<\/span><\/p>\n<h3><span style=\"color: #993300;\">Pravice posameznika, na katerega se nana\u0161ajo osebni podatki<\/span><\/h3>\n<p><span style=\"font-weight: 400; color: #000000;\">Imate pravico vedeti, kak\u0161ne osebne podatke obdeluje \u201cLINC Europe\u201d, razen \u010de tak\u0161ne informacije \u017ee imate. Od \u201cLINC Europe\u201d imate pravico zahtevati, da popravi, odstrani, omeji obdelavo podatkov, ugovarjate obdelavi podatkov in kadar koli prekli\u010dete soglasje, ki ste ga dali, ne da bi to vplivalo na zakonitost obdelave na podlagi privolitve pred njenim preklicem. Imate pravico do prito\u017ebe pri nadzornem organu.<\/span><\/p>\n<h3><span style=\"color: #993300;\">Varovanje podatkov<\/span><\/h3>\n<p><span style=\"font-weight: 400; color: #000000;\">\u201cLINC Europe\u201d izvaja in vzdr\u017euje ustrezne administrativne, fizi\u010dne, tehni\u010dne in organizacijske ukrepe za za\u0161\u010dito va\u0161ih osebnih podatkov pred nenamernim ali nezakonitim uni\u010denjem osebnih podatkov, izgubo, spremembo, razkritjem ali dostopom.<\/span><\/p>\n<h3><span style=\"color: #993300;\">Va\u0161e soglasje s to politiko zasebnosti<\/span><\/h3>\n<p><span style=\"font-weight: 400; color: #000000;\">S posredovanjem svojih osebnih podatkov podjetju \u201cLINC Europe\u201d se strinjate s pogoji in dolo\u010dili te politike.<\/span><\/p>\n<h3><span style=\"color: #993300;\">Kontaktni podatki<\/span><\/h3>\n<p><span style=\"color: #000000;\"><span style=\"font-weight: 400;\">\u010ce imate kakr\u0161na koli vpra\u0161anja ali pomisleke ali se \u017eelite prito\u017eiti glede te politike zasebnosti, nas kontaktirajte po e-po\u0161ti: <\/span><a style=\"color: #000000;\" href=\"mailto:info@linc-europe.com\"><span style=\"font-weight: 400;\">info@linc-europe.com<\/span><\/a><span style=\"font-weight: 400;\">.<\/span><\/span><\/p>    <\/div>\n<\/div>\n<!-- \/module text -->\t        <\/div>\n\t    \t<\/div>\n\t\t    <\/div>\n\t    <!-- \/row_inner -->\n\t<\/div>\n\t<!-- \/module_row -->\n\t\t<!-- module_row -->\n\t<div  data-css_id=\"2xf5406\" data-lazy=\"1\" class=\"module_row themify_builder_row fullwidth_row_container tb_2xf5406 clearfix\" >\n\t    \t\t<div class=\"row_inner col_align_top gutter-none tf_box tf_w tf_rel\">\n\t\t\t<div  data-lazy=\"1\" class=\"module_column tb-column col3-1 first tb_wr59406 tf_box\">\n\t    \t    \t        <div class=\"tb-column-inner tf_box tf_w\">\n\t\t    <!-- module menu -->\n<div  class=\"module module-menu tb_vp6x406  mobile-menu-slide\" data-menu-style=\"mobile-menu-slide\" data-menu-breakpoint=\"0\" data-element-id=\"tb_vp6x406\" data-lazy=\"1\">\n            \n    \t\t\t\n\t\t\t<div class=\"module-menu-container \"><ul id=\"menu-footer-1\" class=\"ui clearfix nav tf_rel vertical transparent \"><li id=\"menu-item-309\" class=\"menu-item-page-5 menu-item menu-item-type-post_type menu-item-object-page menu-item-home menu-item-309\"><a href=\"https:\/\/lesinvijaki.si\/\">DOMOV<\/a><\/li>\n<li id=\"menu-item-310\" class=\"menu-item-page-18 menu-item menu-item-type-post_type menu-item-object-page menu-item-310\"><a href=\"https:\/\/lesinvijaki.si\/index.php\/o-nas\/\">O NAS<\/a><\/li>\n<li id=\"menu-item-573\" class=\"menu-item-page-529 menu-item menu-item-type-post_type menu-item-object-page menu-item-573\"><a href=\"https:\/\/lesinvijaki.si\/index.php\/fibrolitne-plosce\/\">PLO\u0160\u010cE IZ LESENE VOLNE<\/a><\/li>\n<li id=\"menu-item-313\" class=\"menu-item-page-24 menu-item menu-item-type-post_type menu-item-object-page menu-item-313\"><a href=\"https:\/\/lesinvijaki.si\/index.php\/lesena-okna-vrata-in-sistemi\/\">LESENA OKNA IN VRATA<\/a><\/li>\n<li id=\"menu-item-664\" class=\"menu-item-page-654 menu-item menu-item-type-post_type menu-item-object-page menu-item-664\"><a href=\"https:\/\/lesinvijaki.si\/index.php\/strukturna-zasteklitev\/\">STRUKTURNA ZASTEKLITEV<\/a><\/li>\n<li id=\"menu-item-314\" class=\"menu-item-page-26 menu-item menu-item-type-post_type menu-item-object-page menu-item-314\"><a href=\"https:\/\/lesinvijaki.si\/index.php\/pvc-okna-aluminijasta-okna-vrata-in-sistemi\/\">ALU, PVC OKNA IN VRATA<\/a><\/li>\n<li id=\"menu-item-312\" class=\"menu-item-page-22 menu-item menu-item-type-post_type menu-item-object-page menu-item-312\"><a href=\"https:\/\/lesinvijaki.si\/index.php\/pritrdilni-elementi\/\">PRITRDILNI ELEMENTI<\/a><\/li>\n<li id=\"menu-item-598\" class=\"menu-item-page-28 menu-item menu-item-type-post_type menu-item-object-page menu-item-598\"><a href=\"https:\/\/lesinvijaki.si\/index.php\/kopalne-kadi\/\">KOPALNE KADI<\/a><\/li>\n<\/ul><\/div><\/div>\n<!-- \/module menu -->\n\t        <\/div>\n\t    \t<\/div>\n\t\t<div  data-lazy=\"1\" style=\"width: 30.98%\" class=\"module_column tb-column col3-1 middle tb_zq03406 tf_box\">\n\t    \t    \t        <div class=\"tb-column-inner tf_box tf_w\">\n\t\t    <!-- module menu -->\n<div  class=\"module module-menu tb_4030406  mobile-menu-slide tf_textl\" data-menu-style=\"mobile-menu-slide\" data-menu-breakpoint=\"0\" data-element-id=\"tb_4030406\" data-lazy=\"1\">\n            \n    \t\t\t\n\t\t\t<div class=\"module-menu-container tf_textl\"><ul id=\"menu-footer-2\" class=\"ui clearfix nav tf_rel vertical transparent \"><li id=\"menu-item-599\" class=\"menu-item-page-20 menu-item menu-item-type-post_type menu-item-object-page menu-item-599\"><a href=\"https:\/\/lesinvijaki.si\/index.php\/pohistvo\/\">POHI\u0160TVO<\/a><\/li>\n<li id=\"menu-item-318\" class=\"menu-item-page-140 menu-item menu-item-type-post_type menu-item-object-page menu-item-318\"><a href=\"https:\/\/lesinvijaki.si\/index.php\/logistika\/\">LOGISTIKA<\/a><\/li>\n<li id=\"menu-item-317\" class=\"menu-item-page-145 menu-item menu-item-type-post_type menu-item-object-page menu-item-317\"><a href=\"https:\/\/lesinvijaki.si\/index.php\/pogoji-poslovanja\/\">POGOJI POSLOVANJA<\/a><\/li>\n<li id=\"menu-item-316\" class=\"menu-item-page-154 menu-item menu-item-type-post_type menu-item-object-page menu-item-316\"><a href=\"https:\/\/lesinvijaki.si\/index.php\/pravica-do-odstopa\/\">PRAVICA DO ODSTOPA<\/a><\/li>\n<li id=\"menu-item-315\" class=\"menu-item-page-178 menu-item menu-item-type-post_type menu-item-object-page menu-item-315\"><a href=\"https:\/\/lesinvijaki.si\/index.php\/politika-zasebnosti\/\">POLITIKA ZASEBNOSTI<\/a><\/li>\n<li id=\"menu-item-319\" class=\"menu-item-page-32 menu-item menu-item-type-post_type menu-item-object-page menu-item-319\"><a href=\"https:\/\/lesinvijaki.si\/index.php\/kontakt\/\">KONTAKT<\/a><\/li>\n<\/ul><\/div><\/div>\n<!-- \/module menu -->\n\t        <\/div>\n\t    \t<\/div>\n\t\t<div  data-lazy=\"1\" style=\"width: 35.687%\" class=\"module_column tb-column col3-1 last tb_2hw5406 tf_box\">\n\t    \t    \t        <div class=\"tb-column-inner tf_box tf_w\">\n\t\t    <!-- module icon -->\n<div  class=\"module module-icon tb_q0kf407  normal none icon_vertical \" data-lazy=\"1\">\n            <div class=\"module-icon\">\n\t\t    <div class=\"module-icon-item\">\n\t\t                \t\t    \t\t\t    <i class=\"ui tf_vmiddle tf_textc tf_box brown\"><svg  aria-hidden=\"true\" class=\"tf_fa tf-fas-home\"><use href=\"#tf-fas-home\"><\/use><\/svg><\/i>\n\t\t                \t\t    \t\t\t<span class=\"tf_vmiddle\">LINC Europe d.o.o.<\/span>\n\t\t    \t\t    \t    <\/div>\n\t\t    <div class=\"module-icon-item\">\n\t\t                \t\t    \t\t\t    <i class=\"ui tf_vmiddle tf_textc tf_box brown\"><svg  aria-hidden=\"true\" class=\"tf_fa tf-far-map\"><use href=\"#tf-far-map\"><\/use><\/svg><\/i>\n\t\t                \t\t    \t\t\t<span class=\"tf_vmiddle\">Naslov: Dre\u0161inja Vas 12, 3301 Petrov\u010de, Slovenia<\/span>\n\t\t    \t\t    \t    <\/div>\n\t\t    <div class=\"module-icon-item\">\n\t\t                \t\t    \t\t\t    <i class=\"ui tf_vmiddle tf_textc tf_box brown\"><svg  aria-hidden=\"true\" class=\"tf_fa tf-fas-phone\"><use href=\"#tf-fas-phone\"><\/use><\/svg><\/i>\n\t\t                \t\t    \t\t\t<span class=\"tf_vmiddle\">Tel. \u0161tev.: +386 51214040<\/span>\n\t\t    \t\t    \t    <\/div>\n\t\t    <div class=\"module-icon-item\">\n\t\t                \t\t    \t\t\t    <i class=\"ui tf_vmiddle tf_textc tf_box brown\"><svg  aria-hidden=\"true\" class=\"tf_fa tf-ti-email\"><use href=\"#tf-ti-email\"><\/use><\/svg><\/i>\n\t\t                \t\t    \t\t\t<span class=\"tf_vmiddle\">E-naslov: info@linc-europe.com<\/span>\n\t\t    \t\t    \t    <\/div>\n\t\t    <div class=\"module-icon-item\">\n\t\t                \t\t    \t\t\t    <i class=\"ui tf_vmiddle tf_textc tf_box brown\"><svg  aria-hidden=\"true\" class=\"tf_fa tf-far-copyright\"><use href=\"#tf-far-copyright\"><\/use><\/svg><\/i>\n\t\t                \t\t    \t\t\t<span class=\"tf_vmiddle\">2022. lesinvijaki.si<\/span>\n\t\t    \t\t    \t    <\/div>\n\t    <\/div>\n<\/div>\n<!-- \/module icon -->\n\t        <\/div>\n\t    \t<\/div>\n\t\t    <\/div>\n\t    <!-- \/row_inner -->\n\t<\/div>\n\t<!-- \/module_row -->\n\t<\/div>\n<!--\/themify_builder_content-->","protected":false},"excerpt":{"rendered":"<p>Cilj politike zasebnosti Cilj te politike je zagotoviti informacije posameznikom, na katere se nana\u0161ajo osebni podatki \u2013 fizi\u010dnim osebam \u2013 o namenu obdelave osebnih podatkov, pravni podlagi, kategorijah prejemnikov osebnih podatkov, hrambi in varstvu podatkov ter pravicah posameznika, na katerega se nana\u0161ajo osebni podatki. Upravljavec podatkov LINC Europe d.o.o., enotna registrska \u0161tevilka 8000093000, pravni naslov: [&hellip;]<\/p>\n","protected":false},"author":1,"featured_media":0,"parent":0,"menu_order":0,"comment_status":"closed","ping_status":"closed","template":"","meta":{"footnotes":""},"class_list":["post-178","page","type-page","status-publish","hentry","has-post-title","has-post-date","has-post-category","has-post-tag","has-post-comment","has-post-author",""],"aioseo_notices":[],"builder_content":"<h3>Cilj politike zasebnosti<\/h3> <p>Cilj te politike je zagotoviti informacije posameznikom, na katere se nana\u0161ajo osebni podatki \u2013 fizi\u010dnim osebam \u2013 o namenu obdelave osebnih podatkov, pravni podlagi, kategorijah prejemnikov osebnih podatkov, hrambi in varstvu podatkov ter pravicah posameznika, na katerega se nana\u0161ajo osebni podatki.<\/p> <h3>Upravljavec podatkov<\/h3> <p>LINC Europe d.o.o., enotna registrska \u0161tevilka 8000093000, pravni naslov: Spodnji Hoti\u010d 11A, 1270 Litija, Slovenija, v nadaljevanju \u2013 \u201cLINC Europe\u201d.<\/p> <h3>Uporaba politike zasebnosti<\/h3> <p>\u201cLINC Europe\u201d uporablja to politiko zasebnosti pri obdelavi osebnih podatkov, tudi ko stopite v stik z nami ali komunicirate z nami na na\u0161i spletni strani <a style=\"color: #000000;\" href=\"about:blank\">www.lesinvijaki.si<\/a> \u201cLINC Europe\u201d zagotavlja, da so va\u0161i osebni podatki za\u0161\u010diteni na pravni podlagi, opredeljeni v tej politiki in Splo\u0161ni uredbi EU o varstvu podatkov 2016\/679 z dne 27.\u00a0aprila 2016. \u201cLINC Europe\u201d se zavezuje, da bo zagotovil, da so va\u0161i osebni podatki za\u0161\u010diteni in nikoli zlorabljeni.<\/p> <h3>Namen obdelave in pravna podlaga<\/h3> <p>\u201cLINC Europe\u201d lahko va\u0161e osebne podatke uporablja za:<\/p> <ul> <li style=\"font-weight: 400;\" aria-level=\"1\">Morebitno zaposlovanje osebja ob prejemu va\u0161ega \u017eivljenjepisa in prijavnega pisma (legitimni poslovni interesi, privolitev posameznika, na katerega se nana\u0161ajo osebni podatki);\u00a0<\/li> <li style=\"font-weight: 400;\" aria-level=\"1\">priro\u010dno rezervacijo blaga in storitev, dogovor o sodelovanju, izbolj\u0161anje storitve (legitimni poslovni interesi, privolitev posameznika, na katerega se nana\u0161ajo osebni podatki);<\/li> <li style=\"font-weight: 400;\" aria-level=\"1\">prodajne pogodbe in opravljanje storitev (vzpostavljanje pogodbenih razmerij in izpolnjevanje pogodbenih obveznosti);<\/li> <li style=\"font-weight: 400;\" aria-level=\"1\">pogodbe o nabavi blaga in storitev ter ureditev drugega sodelovanja (vzpostavljanje pogodbenih razmerij in izpolnjevanje pogodbenih obveznosti);<\/li> <li style=\"font-weight: 400;\" aria-level=\"1\">zagotavljanje hitre in kakovostne komunikacije z odgovarjanjem na prejeta vpra\u0161anja ali komentarje (legitimni poslovni interesi, privolitev posameznika, na katerega se nana\u0161ajo osebni podatki);<\/li> <li style=\"font-weight: 400;\" aria-level=\"1\">analiti\u010dne in tr\u017ene raziskave o uporabi na\u0161ega spletnega mesta, izdelkov in storitev (legitimni poslovni interesi, privolitev posameznika, na katerega se nana\u0161ajo osebni podatki);<\/li> <li style=\"font-weight: 400;\" aria-level=\"1\">zagotavljanje zdravja in varnosti v prostorih in na obmo\u010dju podjetja z uporabo spletnih kamer (legitimni poslovni interesi).<\/li> <\/ul> <h3>Kategorije prejemnikov osebnih podatkov<\/h3> <p>Upravljavec podatkov lahko osebne podatke razkrije tretjim osebam, vendar le v obsegu, ki je potreben za doseganje ciljev te politike in kadar je to potrebno za izpolnjevanje zakonskih ali pogodbenih obveznosti:<\/p> <ul> <li style=\"font-weight: 400;\" aria-level=\"1\">dr\u017eavnim institucijam, da izpolnijo obveznosti iz zakonskih ali normativnih aktov;<\/li> <li style=\"font-weight: 400;\" aria-level=\"1\">organizacijam in institucijam za izpolnitev pogodbenih obveznosti;<\/li> <li style=\"font-weight: 400;\" aria-level=\"1\">v nekaterih primerih se lahko oddajo podjetjem za obdelavo podatkov, vendar le tistim, ki zagotavljajo varstvo pravic, na katere se nana\u0161ajo osebni podatki, v skladu z zahtevami normativnih aktov.<\/li> <li style=\"font-weight: 400;\" aria-level=\"1\">Va\u0161i osebni podatki ne bodo poslani tretjim dr\u017eavam ali mednarodnim organizacijam.<\/li> <\/ul> <h3>Hranjenje osebnih podatkov<\/h3> <p>Osebni podatki se zbirajo in obdelujejo samo za zgoraj navedene namene in dokler ti nameni niso dose\u017eeni, so interesi \u201cLINC Europe\u201d za\u0161\u010diteni ali do konca obdobij hrambe in odgovornosti na podlagi veljavne zakonodaje. Po tem se podatki izbri\u0161ejo ali arhivirajo. Dostop do osebnih podatkov je dovoljen le osebam, ki morajo podatke obdelovati v okviru svojega delovnega razmerja ali dol\u017enosti. Vse te osebe so usposobljene za za\u0161\u010dito pravic, na katere se nana\u0161ajo osebni podatki.<\/p> <h3>Pravice posameznika, na katerega se nana\u0161ajo osebni podatki<\/h3> <p>Imate pravico vedeti, kak\u0161ne osebne podatke obdeluje \u201cLINC Europe\u201d, razen \u010de tak\u0161ne informacije \u017ee imate. Od \u201cLINC Europe\u201d imate pravico zahtevati, da popravi, odstrani, omeji obdelavo podatkov, ugovarjate obdelavi podatkov in kadar koli prekli\u010dete soglasje, ki ste ga dali, ne da bi to vplivalo na zakonitost obdelave na podlagi privolitve pred njenim preklicem. Imate pravico do prito\u017ebe pri nadzornem organu.<\/p> <h3>Varovanje podatkov<\/h3> <p>\u201cLINC Europe\u201d izvaja in vzdr\u017euje ustrezne administrativne, fizi\u010dne, tehni\u010dne in organizacijske ukrepe za za\u0161\u010dito va\u0161ih osebnih podatkov pred nenamernim ali nezakonitim uni\u010denjem osebnih podatkov, izgubo, spremembo, razkritjem ali dostopom.<\/p> <h3>Va\u0161e soglasje s to politiko zasebnosti<\/h3> <p>S posredovanjem svojih osebnih podatkov podjetju \u201cLINC Europe\u201d se strinjate s pogoji in dolo\u010dili te politike.<\/p> <h3>Kontaktni podatki<\/h3> <p>\u010ce imate kakr\u0161na koli vpra\u0161anja ali pomisleke ali se \u017eelite prito\u017eiti glede te politike zasebnosti, nas kontaktirajte po e-po\u0161ti: <a style=\"color: #000000;\" href=\"mailto:info@linc-europe.com\">info@linc-europe.com<\/a>.<\/p>\n<ul id=\"menu-footer-3\"><li><a href=\"https:\/\/lesinvijaki.si\/\">DOMOV<\/a><\/li> <li><a href=\"https:\/\/lesinvijaki.si\/index.php\/o-nas\/\">O NAS<\/a><\/li> <li><a href=\"https:\/\/lesinvijaki.si\/index.php\/fibrolitne-plosce\/\">PLO\u0160\u010cE IZ LESENE VOLNE<\/a><\/li> <li><a href=\"https:\/\/lesinvijaki.si\/index.php\/lesena-okna-vrata-in-sistemi\/\">LESENA OKNA IN VRATA<\/a><\/li> <li><a href=\"https:\/\/lesinvijaki.si\/index.php\/strukturna-zasteklitev\/\">STRUKTURNA ZASTEKLITEV<\/a><\/li> <li><a href=\"https:\/\/lesinvijaki.si\/index.php\/pvc-okna-aluminijasta-okna-vrata-in-sistemi\/\">ALU, PVC OKNA IN VRATA<\/a><\/li> <li><a href=\"https:\/\/lesinvijaki.si\/index.php\/pritrdilni-elementi\/\">PRITRDILNI ELEMENTI<\/a><\/li> <li><a href=\"https:\/\/lesinvijaki.si\/index.php\/kopalne-kadi\/\">KOPALNE KADI<\/a><\/li> <\/ul>\n<ul id=\"menu-footer-4\"><li><a href=\"https:\/\/lesinvijaki.si\/index.php\/pohistvo\/\">POHI\u0160TVO<\/a><\/li> <li><a href=\"https:\/\/lesinvijaki.si\/index.php\/logistika\/\">LOGISTIKA<\/a><\/li> <li><a href=\"https:\/\/lesinvijaki.si\/index.php\/pogoji-poslovanja\/\">POGOJI POSLOVANJA<\/a><\/li> <li><a href=\"https:\/\/lesinvijaki.si\/index.php\/pravica-do-odstopa\/\">PRAVICA DO ODSTOPA<\/a><\/li> <li><a href=\"https:\/\/lesinvijaki.si\/index.php\/politika-zasebnosti\/\">POLITIKA ZASEBNOSTI<\/a><\/li> <li><a href=\"https:\/\/lesinvijaki.si\/index.php\/kontakt\/\">KONTAKT<\/a><\/li> <\/ul>\n<i><svg aria-hidden=\"true\"><use href=\"#tf-fas-home\"><\/use><\/svg><\/i> LINC Europe d.o.o. <i><svg aria-hidden=\"true\"><use href=\"#tf-far-map\"><\/use><\/svg><\/i> Naslov: Dre\u0161inja Vas 12, 3301 Petrov\u010de, Slovenia <i><svg aria-hidden=\"true\"><use href=\"#tf-fas-phone\"><\/use><\/svg><\/i> Tel. \u0161tev.: +386 51214040 <i><svg aria-hidden=\"true\"><use href=\"#tf-ti-email\"><\/use><\/svg><\/i> E-naslov: info@linc-europe.com <i><svg aria-hidden=\"true\"><use href=\"#tf-far-copyright\"><\/use><\/svg><\/i> 2022. lesinvijaki.si","_links":{"self":[{"href":"https:\/\/lesinvijaki.si\/index.php\/wp-json\/wp\/v2\/pages\/178","targetHints":{"allow":["GET"]}}],"collection":[{"href":"https:\/\/lesinvijaki.si\/index.php\/wp-json\/wp\/v2\/pages"}],"about":[{"href":"https:\/\/lesinvijaki.si\/index.php\/wp-json\/wp\/v2\/types\/page"}],"author":[{"embeddable":true,"href":"https:\/\/lesinvijaki.si\/index.php\/wp-json\/wp\/v2\/users\/1"}],"replies":[{"embeddable":true,"href":"https:\/\/lesinvijaki.si\/index.php\/wp-json\/wp\/v2\/comments?post=178"}],"version-history":[{"count":18,"href":"https:\/\/lesinvijaki.si\/index.php\/wp-json\/wp\/v2\/pages\/178\/revisions"}],"predecessor-version":[{"id":684,"href":"https:\/\/lesinvijaki.si\/index.php\/wp-json\/wp\/v2\/pages\/178\/revisions\/684"}],"wp:attachment":[{"href":"https:\/\/lesinvijaki.si\/index.php\/wp-json\/wp\/v2\/media?parent=178"}],"curies":[{"name":"wp","href":"https:\/\/api.w.org\/{rel}","templated":true}]}}